{"id":602,"date":"2022-07-06T11:28:22","date_gmt":"2022-07-06T11:28:22","guid":{"rendered":"https:\/\/misericordiacarregaldosal.com\/?page_id=602"},"modified":"2022-07-06T11:35:15","modified_gmt":"2022-07-06T11:35:15","slug":"poapmc","status":"publish","type":"page","link":"https:\/\/misericordiacarregaldosal.com\/?page_id=602","title":{"rendered":"POAPMC"},"content":{"rendered":"\n<p>Esta entidade \u00e9 coordenadora na entrega de bens alimentares, atrav\u00e9s do POAPMC e mediadora no concelho de Carregal do Sal.<\/p>\n\n\n\n<p><br><\/p>\n\n\n\n<p>A Santa Casa da Miseric\u00f3rdia de Santa Comba D\u00e3o, a Santa Casa da Miseric\u00f3rdia de Mort\u00e1gua, o Centro Social e Paroquial de S\u00e3o Jo\u00e3o de Areias s\u00e3o entidades mediadoras neste programa nos concelhos de Mort\u00e1gua e Santa Comba D\u00e3o, sob a coordena\u00e7\u00e3o da Santa Casa da Miseric\u00f3rdia de Carregal do Sal.<\/p>\n\n\n\n<p><br><\/p>\n\n\n\n<div data-wp-interactive=\"core\/file\" class=\"wp-block-file\"><object data-wp-bind--hidden=\"!state.hasPdfPreview\" hidden class=\"wp-block-file__embed\" data=\"https:\/\/misericordiacarregaldosal.com\/wp-content\/uploads\/2022\/07\/poapmc-anexo.pdf\" type=\"application\/pdf\" style=\"width:100%;height:1653px\" aria-label=\"Incorpora\u00e7\u00e3o de Incorpora\u00e7\u00e3o de poapmc-anexo..\"><\/object><a id=\"wp-block-file--media-fdf1c3c9-6f1d-49bf-ba4b-81707385ecbd\" href=\"https:\/\/misericordiacarregaldosal.com\/wp-content\/uploads\/2022\/07\/poapmc-anexo.pdf\">poapmc-anexo<\/a><a href=\"https:\/\/misericordiacarregaldosal.com\/wp-content\/uploads\/2022\/07\/poapmc-anexo.pdf\" class=\"wp-block-file__button\" download aria-describedby=\"wp-block-file--media-fdf1c3c9-6f1d-49bf-ba4b-81707385ecbd\">Descarregar<\/a><\/div>\n","protected":false},"excerpt":{"rendered":"<p>Esta entidade \u00e9 coordenadora na entrega de bens alimentares, atrav\u00e9s do POAPMC e mediadora no concelho de Carregal do Sal. A Santa Casa da Miseric\u00f3rdia de Santa Comba D\u00e3o, a Santa Casa da Miseric\u00f3rdia de Mort\u00e1gua, o Centro Social e Paroquial de S\u00e3o Jo\u00e3o de Areias s\u00e3o entidades mediadoras neste programa nos concelhos de Mort\u00e1gua [&hellip;]<\/p>\n","protected":false},"author":1,"featured_media":0,"parent":0,"menu_order":0,"comment_status":"closed","ping_status":"closed","template":"","meta":{"footnotes":""},"class_list":["post-602","page","type-page","status-publish","hentry"],"_links":{"self":[{"href":"https:\/\/misericordiacarregaldosal.com\/index.php?rest_route=\/wp\/v2\/pages\/602","targetHints":{"allow":["GET"]}}],"collection":[{"href":"https:\/\/misericordiacarregaldosal.com\/index.php?rest_route=\/wp\/v2\/pages"}],"about":[{"href":"https:\/\/misericordiacarregaldosal.com\/index.php?rest_route=\/wp\/v2\/types\/page"}],"author":[{"embeddable":true,"href":"https:\/\/misericordiacarregaldosal.com\/index.php?rest_route=\/wp\/v2\/users\/1"}],"replies":[{"embeddable":true,"href":"https:\/\/misericordiacarregaldosal.com\/index.php?rest_route=%2Fwp%2Fv2%2Fcomments&post=602"}],"version-history":[{"count":5,"href":"https:\/\/misericordiacarregaldosal.com\/index.php?rest_route=\/wp\/v2\/pages\/602\/revisions"}],"predecessor-version":[{"id":610,"href":"https:\/\/misericordiacarregaldosal.com\/index.php?rest_route=\/wp\/v2\/pages\/602\/revisions\/610"}],"wp:attachment":[{"href":"https:\/\/misericordiacarregaldosal.com\/index.php?rest_route=%2Fwp%2Fv2%2Fmedia&parent=602"}],"curies":[{"name":"wp","href":"https:\/\/api.w.org\/{rel}","templated":true}]}}