{"id":5,"date":"2015-04-16T08:51:53","date_gmt":"2015-04-16T08:51:53","guid":{"rendered":"http:\/\/misericordiacarregaldosal.com\/?page_id=5"},"modified":"2015-04-16T08:51:53","modified_gmt":"2015-04-16T08:51:53","slug":"inicio","status":"publish","type":"page","link":"https:\/\/misericordiacarregaldosal.com\/?page_id=5","title":{"rendered":"In\u00edcio"},"content":{"rendered":"<p>P\u00e1gina oficial da Santa Casa da Miseric\u00f3rdia de Carregal do Sal.<\/p>\n<p>Seja bem vindo(a) \u00e0 nossa p\u00e1gina.<\/p>\n<p>&nbsp;<\/p>\n<p>A Santa Casa da Miseric\u00f3rdia de Carregal do Sal \u00e9 uma associa\u00e7\u00e3o cat\u00f3lica que visa colmatar com as necessidades sentidas no conselho e zonas lim\u00edtrofes, no que ao cuidado social diz respeito.<\/p>\n<p>Com uma equipa qualificada, dispomos das instala\u00e7\u00f5es necess\u00e1rias para receber e tratar de crian\u00e7as e idosos.<\/p>\n<p>Temos zonas para conv\u00edvio entre os idosos, salas com brinquedos e jogos para as crian\u00e7as. Organizamos actividades l\u00fadicas para entreter ambos os grupos e ocasionalmente proporcionamos visitas a diversos locais por forma a assegurar o maior conforto poss\u00edvel.<\/p>\n<p>&nbsp;<\/p>\n","protected":false},"excerpt":{"rendered":"<p>P\u00e1gina oficial da Santa Casa da Miseric\u00f3rdia de Carregal do Sal. Seja bem vindo(a) \u00e0 nossa p\u00e1gina. &nbsp; A Santa Casa da Miseric\u00f3rdia de Carregal do Sal \u00e9 uma associa\u00e7\u00e3o cat\u00f3lica que visa colmatar com as necessidades sentidas no conselho e zonas lim\u00edtrofes, no que ao cuidado social diz respeito. Com uma equipa qualificada, dispomos [&hellip;]<\/p>\n","protected":false},"author":1,"featured_media":0,"parent":0,"menu_order":0,"comment_status":"open","ping_status":"open","template":"","meta":{"footnotes":""},"class_list":["post-5","page","type-page","status-publish","hentry"],"_links":{"self":[{"href":"https:\/\/misericordiacarregaldosal.com\/index.php?rest_route=\/wp\/v2\/pages\/5","targetHints":{"allow":["GET"]}}],"collection":[{"href":"https:\/\/misericordiacarregaldosal.com\/index.php?rest_route=\/wp\/v2\/pages"}],"about":[{"href":"https:\/\/misericordiacarregaldosal.com\/index.php?rest_route=\/wp\/v2\/types\/page"}],"author":[{"embeddable":true,"href":"https:\/\/misericordiacarregaldosal.com\/index.php?rest_route=\/wp\/v2\/users\/1"}],"replies":[{"embeddable":true,"href":"https:\/\/misericordiacarregaldosal.com\/index.php?rest_route=%2Fwp%2Fv2%2Fcomments&post=5"}],"version-history":[{"count":1,"href":"https:\/\/misericordiacarregaldosal.com\/index.php?rest_route=\/wp\/v2\/pages\/5\/revisions"}],"predecessor-version":[{"id":6,"href":"https:\/\/misericordiacarregaldosal.com\/index.php?rest_route=\/wp\/v2\/pages\/5\/revisions\/6"}],"wp:attachment":[{"href":"https:\/\/misericordiacarregaldosal.com\/index.php?rest_route=%2Fwp%2Fv2%2Fmedia&parent=5"}],"curies":[{"name":"wp","href":"https:\/\/api.w.org\/{rel}","templated":true}]}}