{"id":382,"date":"2016-08-04T08:39:17","date_gmt":"2016-08-04T08:39:17","guid":{"rendered":"http:\/\/misericordiacarregaldosal.com\/?page_id=382"},"modified":"2016-08-19T09:29:56","modified_gmt":"2016-08-19T09:29:56","slug":"contas-do-exercicio-2015","status":"publish","type":"page","link":"https:\/\/misericordiacarregaldosal.com\/?page_id=382","title":{"rendered":"Contas do exerc\u00edcio 2015"},"content":{"rendered":"<p><a href=\"https:\/\/misericordiacarregaldosal.com\/wp-content\/uploads\/2016\/08\/Balan\u00e7o-2015.pdf\">Balan\u00e7o 2015<\/a><\/p>\n<p><a href=\"https:\/\/misericordiacarregaldosal.com\/wp-content\/uploads\/2016\/08\/Demonstra\u00e7\u00e3o-de-Resultados-2015.pdf\">Demonstra\u00e7\u00e3o de Resultados 2015<\/a><\/p>\n<p><a href=\"https:\/\/misericordiacarregaldosal.com\/wp-content\/uploads\/2016\/08\/Anexo-ESNL-SANTA-CASA-2015.pdf\">Anexo ESNL-SANTA CASA 2015<\/a><\/p>\n<p><a href=\"https:\/\/misericordiacarregaldosal.com\/wp-content\/uploads\/2016\/08\/Mapa-de-controlo-dos-subsidios-para-investimento-2015.pdf\">Mapa de controlo dos subs\u00eddios para investimento 2015<\/a><\/p>\n<p><a href=\"https:\/\/misericordiacarregaldosal.com\/wp-content\/uploads\/2016\/08\/Presta\u00e7\u00e3o-de-Contas-2015.pdf\">Presta\u00e7\u00e3o de Contas 2015<\/a><\/p>\n<p><a href=\"https:\/\/misericordiacarregaldosal.com\/wp-content\/uploads\/2016\/08\/ACTA-CONSELHO-FISCAL-2015.pdf\">ACTA CONSELHO FISCAL 2015<\/a><\/p>\n<p><a href=\"https:\/\/misericordiacarregaldosal.com\/wp-content\/uploads\/2016\/08\/ACTA-ASSEMBLEIA-GERAL-2015.pdf\">ACTA ASSEMBLEIA GERAL 2015<\/a><\/p>\n<p>&nbsp;<\/p>\n","protected":false},"excerpt":{"rendered":"<p>Balan\u00e7o 2015 Demonstra\u00e7\u00e3o de Resultados 2015 Anexo ESNL-SANTA CASA 2015 Mapa de controlo dos subs\u00eddios para investimento 2015 Presta\u00e7\u00e3o de Contas 2015 ACTA CONSELHO FISCAL 2015 ACTA ASSEMBLEIA GERAL 2015 &nbsp;<\/p>\n","protected":false},"author":1,"featured_media":0,"parent":0,"menu_order":0,"comment_status":"closed","ping_status":"closed","template":"","meta":{"footnotes":""},"class_list":["post-382","page","type-page","status-publish","hentry"],"_links":{"self":[{"href":"https:\/\/misericordiacarregaldosal.com\/index.php?rest_route=\/wp\/v2\/pages\/382","targetHints":{"allow":["GET"]}}],"collection":[{"href":"https:\/\/misericordiacarregaldosal.com\/index.php?rest_route=\/wp\/v2\/pages"}],"about":[{"href":"https:\/\/misericordiacarregaldosal.com\/index.php?rest_route=\/wp\/v2\/types\/page"}],"author":[{"embeddable":true,"href":"https:\/\/misericordiacarregaldosal.com\/index.php?rest_route=\/wp\/v2\/users\/1"}],"replies":[{"embeddable":true,"href":"https:\/\/misericordiacarregaldosal.com\/index.php?rest_route=%2Fwp%2Fv2%2Fcomments&post=382"}],"version-history":[{"count":6,"href":"https:\/\/misericordiacarregaldosal.com\/index.php?rest_route=\/wp\/v2\/pages\/382\/revisions"}],"predecessor-version":[{"id":403,"href":"https:\/\/misericordiacarregaldosal.com\/index.php?rest_route=\/wp\/v2\/pages\/382\/revisions\/403"}],"wp:attachment":[{"href":"https:\/\/misericordiacarregaldosal.com\/index.php?rest_route=%2Fwp%2Fv2%2Fmedia&parent=382"}],"curies":[{"name":"wp","href":"https:\/\/api.w.org\/{rel}","templated":true}]}}