{"id":338,"date":"2015-05-22T15:04:38","date_gmt":"2015-05-22T15:04:38","guid":{"rendered":"http:\/\/misericordiacarregaldosal.com\/?page_id=338"},"modified":"2015-05-22T15:06:27","modified_gmt":"2015-05-22T15:06:27","slug":"saida-a-parada","status":"publish","type":"page","link":"https:\/\/misericordiacarregaldosal.com\/?page_id=338","title":{"rendered":"Sa\u00edda a Parada"},"content":{"rendered":"<div style=\"margin-top:-190px; font-size:1.5em\">\nVeja aqui as fotografias do dia 8 de Fevereiro de 2015, dia em que estreamos a Irmandade da Santa Casa da Miseric\u00f3rdia de Carregal de Sal escolhendo para tal a Festa Religiosa anual que decorreu em Parada em honra de S\u00e3o Br\u00e1s.<br \/>\n<br \/>\nSendo que esta festa religiosa se trata de uma das mais conhecidas do concelho, foi marcada pela estreia da Irmandade da Santa Casa da Miseric\u00f3rdia de Carregal do Sal, composta por membros dos \u00f3rg\u00e3os executivos, trajados com uma OPA preta e por um Gui\u00e3o onde \u00e9 exibida a Senhora das Miseric\u00f3rdias.\n<\/div>\n<p>&nbsp;<\/p>\n<style>\n  .imgdiv{\n   \tmargin-top:250px; \n  }\n  <\/style>\n    <div id=\"blueimp-gallery\" class=\"blueimp-gallery blueimp-gallery-controls\">\n        <div class=\"slides\"><\/div>\n        <h3 class=\"title\"><\/h3>\n        <a class=\"prev\">\u2039<\/a>\n        <a class=\"next\">\u203a<\/a>\n        <a class=\"close\">\u00d7<\/a>\n        <a class=\"play-pause\"><\/a>\n        <ol class=\"indicator\"><\/ol>\n    <\/div>\n    <div class=\"container-cpm-gallery\">\n        <div class=\"imgdiv\" id=\"links\">\n                    <\/div>\n    <\/div>\n    <script>\n        document.getElementById('links').onclick = function (event) {\n            event = event || window.event;\n            var target = event.target || event.srcElement,\n                link = target.src ? target.parentNode : target,\n                options = {index: link, event: event},\n                links = this.getElementsByTagName('a');\n            blueimp.Gallery(links, options);\n        };\n    <\/script>\n\n\n\n","protected":false},"excerpt":{"rendered":"<p>Veja aqui as fotografias do dia 8 de Fevereiro de 2015, dia em que estreamos a Irmandade da Santa Casa da Miseric\u00f3rdia de Carregal de Sal escolhendo para tal a Festa Religiosa anual que decorreu em Parada em honra de S\u00e3o Br\u00e1s. Sendo que esta festa religiosa se trata de uma das mais conhecidas do [&hellip;]<\/p>\n","protected":false},"author":1,"featured_media":0,"parent":0,"menu_order":0,"comment_status":"closed","ping_status":"open","template":"","meta":{"footnotes":""},"class_list":["post-338","page","type-page","status-publish","hentry"],"_links":{"self":[{"href":"https:\/\/misericordiacarregaldosal.com\/index.php?rest_route=\/wp\/v2\/pages\/338","targetHints":{"allow":["GET"]}}],"collection":[{"href":"https:\/\/misericordiacarregaldosal.com\/index.php?rest_route=\/wp\/v2\/pages"}],"about":[{"href":"https:\/\/misericordiacarregaldosal.com\/index.php?rest_route=\/wp\/v2\/types\/page"}],"author":[{"embeddable":true,"href":"https:\/\/misericordiacarregaldosal.com\/index.php?rest_route=\/wp\/v2\/users\/1"}],"replies":[{"embeddable":true,"href":"https:\/\/misericordiacarregaldosal.com\/index.php?rest_route=%2Fwp%2Fv2%2Fcomments&post=338"}],"version-history":[{"count":3,"href":"https:\/\/misericordiacarregaldosal.com\/index.php?rest_route=\/wp\/v2\/pages\/338\/revisions"}],"predecessor-version":[{"id":341,"href":"https:\/\/misericordiacarregaldosal.com\/index.php?rest_route=\/wp\/v2\/pages\/338\/revisions\/341"}],"wp:attachment":[{"href":"https:\/\/misericordiacarregaldosal.com\/index.php?rest_route=%2Fwp%2Fv2%2Fmedia&parent=338"}],"curies":[{"name":"wp","href":"https:\/\/api.w.org\/{rel}","templated":true}]}}