{"id":15,"date":"2015-04-16T09:11:10","date_gmt":"2015-04-16T09:11:10","guid":{"rendered":"http:\/\/misericordiacarregaldosal.com\/?page_id=15"},"modified":"2024-06-06T10:03:43","modified_gmt":"2024-06-06T10:03:43","slug":"contactos","status":"publish","type":"page","link":"https:\/\/misericordiacarregaldosal.com\/?page_id=15","title":{"rendered":"Contactos"},"content":{"rendered":"<p>Telefone Geral: 232 961 735<\/p>\n<p>Contactar com o utente\/residente (sal\u00e3o de conv\u00edvio): 232 961 735 (das 9:30 as 11:30 e das 14:00 as 18:30)<\/p>\n<p>Assuntos\/informa\u00e7\u00f5es da \u00e1rea social, bem-estar dos utentes, dia a dia, resolu\u00e7\u00e3o de problemas em contexto institucional: Assistente Social e Diretora T\u00e9cnica: 960 316 730<\/p>\n<p>Assuntos\/informa\u00e7\u00f5es cl\u00ednicas, sa\u00fade, consultas, manuten\u00e7\u00e3o e gest\u00e3o de medicamentos, cuidados de sa\u00fade prim\u00e1rios enfermagem: 960 316 728<\/p>\n<p>Assuntos de secretaria, informa\u00e7\u00f5es sobre mensalidades, fatura\u00e7\u00e3o e pagamentos: 960 316 730 e 232 961 735<\/p>\n<p>Creche O Ninho: 926279242 e 232969023<\/p>\n<p>\u00a0<\/p>\n<p>Email: <a href=\"mailto:geral@santacasacarregal.pt\">geral@santacasacarregal.pt<\/a><\/p>\n<p>Morada: Quinta da Alagoa 3430-134 Carregal do Sal<\/p>\n\n\n<p><\/p>\n","protected":false},"excerpt":{"rendered":"<p>Telefone Geral: 232 961 735 Contactar com o utente\/residente (sal\u00e3o de conv\u00edvio): 232 961 735 (das 9:30 as 11:30 e das 14:00 as 18:30) Assuntos\/informa\u00e7\u00f5es da \u00e1rea social, bem-estar dos utentes, dia a dia, resolu\u00e7\u00e3o de problemas em contexto institucional: Assistente Social e Diretora T\u00e9cnica: 960 316 730 Assuntos\/informa\u00e7\u00f5es cl\u00ednicas, sa\u00fade, consultas, manuten\u00e7\u00e3o e gest\u00e3o [&hellip;]<\/p>\n","protected":false},"author":1,"featured_media":0,"parent":0,"menu_order":0,"comment_status":"open","ping_status":"open","template":"","meta":{"footnotes":""},"class_list":["post-15","page","type-page","status-publish","hentry"],"_links":{"self":[{"href":"https:\/\/misericordiacarregaldosal.com\/index.php?rest_route=\/wp\/v2\/pages\/15","targetHints":{"allow":["GET"]}}],"collection":[{"href":"https:\/\/misericordiacarregaldosal.com\/index.php?rest_route=\/wp\/v2\/pages"}],"about":[{"href":"https:\/\/misericordiacarregaldosal.com\/index.php?rest_route=\/wp\/v2\/types\/page"}],"author":[{"embeddable":true,"href":"https:\/\/misericordiacarregaldosal.com\/index.php?rest_route=\/wp\/v2\/users\/1"}],"replies":[{"embeddable":true,"href":"https:\/\/misericordiacarregaldosal.com\/index.php?rest_route=%2Fwp%2Fv2%2Fcomments&post=15"}],"version-history":[{"count":14,"href":"https:\/\/misericordiacarregaldosal.com\/index.php?rest_route=\/wp\/v2\/pages\/15\/revisions"}],"predecessor-version":[{"id":635,"href":"https:\/\/misericordiacarregaldosal.com\/index.php?rest_route=\/wp\/v2\/pages\/15\/revisions\/635"}],"wp:attachment":[{"href":"https:\/\/misericordiacarregaldosal.com\/index.php?rest_route=%2Fwp%2Fv2%2Fmedia&parent=15"}],"curies":[{"name":"wp","href":"https:\/\/api.w.org\/{rel}","templated":true}]}}